te the remainder when 154 is divided by 58.
38
What is the remainder when 183 is divided by 81?
21
What is the remainder when 46 is divided by 7?
4
Calculate the remainder when 2918 is divided by 22.
14
Calculate the remainder when 90 is divided by 8.
2
What is the remainder when 174 is divided by 3?
0
What is the remainder when 21382 is divided by 8?
6
What is the remainder when 58 is divided by 20?
18
Calculate the remainder when 668 is divided by 31.
17
What is the remainder when 502 is divided by 103?
90
What is the remainder when 94 is divided by 22?
6
Calculate the remainder when 330 is divided by 19.
7
Calculate the remainder when 484 is divided by 17.
8
What is the remainder when 44 is divided by 12?
8
Calculate the remainder when 805 is divided by 246.
67
What is the remainder when 1600 is divided by 3?
1
What is the remainder when 76 is divided by 68?
8
What is the remainder when 69 is divided by 40?
29
Calculate the remainder when 7256 is divided by 61.
58
Calculate the remainder when 300 is divided by 54.
30
Calculate the remainder when 796 is divided by 16.
12
Calculate the remainder when 26 is divided by 19.
7
Calculate the remainder when 202 is divided by 54.
40
Calculate the remainder when 563 is divided by 95.
88
What is the remainder when 650 is divided by 31?
30
What is the remainder when 139 is divided by 10?
9
Calculate the remainder when 7720 is divided by 39.
37
What is the remainder when 124 is divided by 42?
40
What is the remainder when 1828 is divided by 14?
8
Calculate the remainder when 103 is divided by 13.
12
Calculate the remainder when 484 is divided by 35.
29
What is the remainder when 285 is divided by 25?
10
Calculate the remainder when 649 is divided by 6.
1
What is the remainder when 1461 is divided by 27?
3
What is the remainder when 2841 is divided by 42?
27
What is the remainder when 169 is divided by 45?
34
What is the remainder when 2316 is divided by 40?
36
Calculate the remainder when 302 is divided by 71.
18
Calculate the remainder when 46 is divided by 33.
13
What is the remainder when 180 is divided by 14?
12
What is the remainder when 231 is divided by 82?
67
What is the remainder when 414 is divided by 162?
90
Calculate the remainder when 2173 is divided by 155.
3
What is the remainder when 833 is divided by 55?
8
Calculate the remainder when 438 is divided by 34.
30
Calculate the remainder when 10677 is divided by 120.
117
Calculate the remainder when 200 is divided by 37.
15
What is the remainder when 146 is divided by 60?
26
Calculate the remainder when 349 is divided by 74.
53
What is the remainder when 465 is divided by 6?
3
Calculate the remainder when 2862 is divided by 33.
24
What is the remainder when 293 is divided by 4?
1
Calculate the remainder when 1387 is divided by 10.
7
Calculate the remainder when 804 is divided by 81.
75
Calculate the remainder when 2038 is divided by 120.
118
Calculate the remainder when 47 is divided by 42.
5
Calculate the remainder when 1103 is divided by 92.
91
What is the remainder when 700 is divided by 88?
84
What is the remainder when 354 is divided by 15?
9
Calculate the remainder when 3485 is divided by 1157.
14
What is the remainder when 97 is divided by 43?
11
What is the remainder when 10229 is divided by 155?
154
What is the remainder when 233 is divided by 14?
9
Calculate the remainder when 985 is divided by 43.
39
What is the remainder when 2309 is divided by 443?
94
Calculate the remainder when 326 is divided by 103.
17
Calculate the remainder when 39 is divided by 23.
16
Calculate the remainder when 646 is divided by 167.
145
What is the remainder when 428 is divided by 151?
126
What is the remainder when 479 is divided by 134?
77
Calculate the remainder when 177 is divided by 26.
21
What is the remainder when 11074 is divided by 58?
54
What is the remainder when 98 is divided by 35?
28
Calculate the remainder when 29 is divided by 8.
5
What is the remainder when 311 is divided by 26?
25
What is the remainder when 2316 is divided by 38?
36
What is the remainder when 436 is divided by 23?
22
What is the remainder when 805 is divided by 732?
73
Calculate the remainder when 14 is divided by 2.
0
Calculate the remainder when 1158 is divided by 201.
153
What is the remainder when 337 is divided by 15?
7
What is the remainder when 679 is divided by 34?
33
What is the remainder when 1818 is divided by 12?
6
Calculate the remainder when 1336 is divided by 346.
298
What is the remainder when 150 is divided by 9?
6
What is the remainder when 2441 is divided by 84?
5
What is the remainder when 58 is divided by 11?
3
What is the remainder when 322 is divided by 12?
10
Calculate the remainder when 35023 is divided by 166.
163
Calculate the remainder when 125 is divided by 21.
20
Calculate the remainder when 750 is divided by 232.
54
What is the remainder when 1591 is divided by 1564?
27
Calculate the remainder when 17 is divided by 15.
2
Calculate the remainder when 6937 is divided by 347.
344
What is the remainder when 592 is divided by 33?
31
Calculate the remainder when 1080 is divided by 19.
16
What is the remainder when 15032 is divided by 155?
152
What is the remainder when 1199 is divided by 100?
99
What is the remainder when 7257 is divided by 19?
18
Calculate the remainder when 184 is divided by 2.
0
What is the remainder when 1142 is divided by 31?
26
Calculate the remainder when 2187 is divided by 4.
3
Calculate the remainder when 105 is divided by 43.
19
What is the remainder when 389 is divided by 28?
25
What is the remainder when 692 is divided by 41?
36
What is the remainder when 425 is divided by 73?
60
What is the remainder when 2671 is divided by 99?
97
What is the remainder when 218 is divided by 35?
8
What is the remainder when 185 is divided by 19?
14
What is the remainder when 241 is divided by 77?
10
Calculate the remainder when 959 is divided by 107.
103
Calculate the remainder when 15340 is divided by 67.
64
Calculate the remainder when 188 is divided by 9.
8
What is the remainder when 43 is divided by 20?
3
Calculate the remainder when 9138 is divided by 57.
18
What is the remainder when 87 is divided by 32?
23
Calculate the remainder when 7329 is divided by 94.
91
What is the remainder when 360 is divided by 19?
18
What is the remainder when 185 is divided by 95?
90
What is the remainder when 933 is divided by 155?
3
What is the remainder when 19197 is divided by 16?
13
Calculate the remainder when 13077 is divided by 11.
9
What is the remainder when 23 is divided by 9?
5
What is the remainder when 545 is divided by 177?
14
What is the remainder when 1436 is divided by 10?
6
Calculate the remainder when 959 is divided by 67.
21
Calculate the remainder when 346 is divided by 87.
85
Calculate the remainder when 1537 is divided by 70.
67
What is the remainder when 284 is divided by 22?
20
Calculate the remainder when 1132 is divided by 81.
79
What is the remainder when 2624 is divided by 220?
204
What is the remainder when 511 is divided by 16?
15
What is the remainder when 19 is divided by 12?
7
What is the remainder when 304 is divided by 34?
32
What is the remainder when 1011 is divided by 337?
0
What is the remainder when 353 is divided by 72?
65
What is the remainder when 644 is divided by 212?
8
What is the remainder when 32207 is divided by 16?
15
Calculate the remainder when 152 is divided by 16.
8
What is the remainder when 191 is divided by 15?
11
What is the remainder when 860 is divided by 56?
20
What is the remainder when 5277 is divided by 44?
41
What is the remainder when 408 is divided by 26?
18
Calculate the remainder when 2636 is divided by 12.
8
Calculate the remainder when 318 is divided by 64.
62
What is the remainder when 1883 is divided by 283?
185
What is the remainder when 365 is divided by 360?
5
What is the remainder when 1857 is divided by 10?
7
Calculate the remainder when 223 is divided by 213.
10
Calculate the remainder when 67 is divided by 26.
15
Calculate the remainder when 777 is divided by 12.
9
What is the remainder when 85 is divided by 8?
5
Calculate the remainder when 395 is divided by 3.
2
Calculate the remainder when 546 is divided by 134.
10
Calculate the remainder when 321 is divided